f)/(1 - 2115/2110)?
1
Suppose 3544 - 954 = -5*s. What is the tens digit of 4*1 - (s + -30)?
5
Suppose -3*m + 3*z = 8*z - 26, 0 = -m - 2*z + 8. What is the tens digit of (-3)/2 - ((-79338)/m)/7?
4
Suppose 468 = 43*h - 17*h. What is the thousands digit of (8 + (-2295)/h)*-14?
1
Let u = 618 - 623. Let j(s) = -8*s**3 + 5*s**2 - 9. What is the units digit of j(u)?
6
Suppose 4*s + 2*l = 0, 0 = s - 4*s - 2*l. Suppose 0 = 2*f - 3*c - s*c, -5*f + 38 = 2*c. Suppose 3*p = f*p - 369. What is the hundreds digit of p?
1
Let c be (-316)/(-14) - 42/(-98). Suppose 3060 = c*a - 8003. What is the units digit of a?
1
Let g(l) be the second derivative of l**4/12 + 5*l**3/2 + 82*l**2 - 34*l + 1. What is the units digit of g(-41)?
0
Suppose -2*i + 17 + 151 = 0. Let f be (-13)/((-91)/(-294)) + 2. Let h = i + f. What is the units digit of h?
4
Let y be (-24)/(-96) + 7555/4. Let j = y + -1348. What is the tens digit of j?
4
Let w = -12453 + 21531. What is the hundreds digit of w?
0
Let z(m) = m**3 + 14*m**2 + 12*m - 5. Let b be z(-13). Let g = -8 + b. Suppose g*t + 3*f + 57 = t, 217 = 5*t + 2*f. What is the tens digit of t?
4
Let m(z) be the first derivative of 23*z**4/2 + z**3 + z**2 - 8*z - 11. What is the units digit of m(2)?
6
Let g(d) = d + 1 - 5*d + 21 + 2*d. Let w be g(11). Suppose 5*l + 3 - 253 = w. What is the tens digit of l?
5
Let y = 48 + -45. Let q(x) = -24*x - 12. Let b be q(y). Let h = 97 + b. What is the units digit of h?
3
Let b = -1318 + 2776. Let s = b + -995. What is the units digit of s?
3
Let b = -61030 + 98560. What is the hundreds digit of b?
5
Let c(z) = -11*z**3 + z**2 - z + 3005. What is the hundreds digit of c(0)?
0
Suppose -547385 - 955481 = -46*h. What is the hundreds digit of h?
6
Suppose 926 = 8*k - 1210. What is the tens digit of k?
6
Let d = 88659 - 50391. What is the tens digit of d?
6
Suppose 1678*g - 1697*g - 585 + 3758 = 0. What is the tens digit of g?
6
Suppose -2*z + 11*i = 6*i - 4287, -2*z + 4*i = -4288. What is the thousands digit of z?
2
What is the thousands digit of (3/(9/(-6258)))/((-5)/35)?
4
Suppose -5*k + 2*b + 75 = -22, -2*b = 2*k - 50. Let h be (-26)/(-7) + 6/k. What is the units digit of ((-2)/h - 0) + 603/6?
0
Let r be -215 - -3*12/(-9). Let d = r + 497. What is the hundreds digit of d?
2
Suppose -2*k + 2 = 0, 52 = -2*d - 3*k - 43. Let u = 167 + d. Let b = 1 + u. What is the tens digit of b?
1
Suppose -150 = 22*w - 27*w. Let t(v) = v**2 - 14*v - 25. What is the units digit of t(w)?
5
Let s(h) = -2*h**2 + 0*h**2 - 3*h + h**2 + 1. Suppose 10 = -5*v - 25*f + 30*f, -f + 2 = 5*v. What is the units digit of s(v)?
1
Suppose -f - 11107 + 2997 = -z, -f = -2*z + 16224. What is the thousands digit of z?
8
Suppose -4932 = 35*n - 39*n. Let x be 1/(3/n) + 4. Suppose -x = -5*j + 35. What is the units digit of j?
0
Let a(k) = -522*k + 743. What is the tens digit of a(-23)?
4
Let z be -68 - (-3 + 2) - (3 - 3). Let b = z + 446. What is the tens digit of b?
7
Let o(t) = 1113*t**2 - 6*t + 8. What is the units digit of o(1)?
5
Let i be 131 - 3*4/(-12). Suppose -2*n + 5*n + 132 = 3*m, -m - i = 3*n. Let u = n + 145. What is the hundreds digit of u?
1
Let a be 86*7*((-27)/(-6) - 4). Suppose -g = -2*z + a, 9*g = -5*z + 5*g + 785. Suppose -2*h = h + 3*n - z, n = -4*h + 195. What is the units digit of h?
8
Let r = -537 - 156. Let g = -238 - r. What is the tens digit of g?
5
Let s(y) = 13 + 408*y**2 + 5*y - 401*y**2 + 3*y. Let k be s(-4). Suppose 3*z - 375 = -5*l, -2*z - 151 = -3*l + k. What is the tens digit of l?
7
Suppose -l + 1524 + 516 = 0. Suppose 0 = -3*m + m + l. Suppose 4*x - m = -x. What is the tens digit of x?
0
Let n be 3*302 + 2/2. Suppose 301 = -900*f + n*f. What is the units digit of f?
3
Suppose 3*c + 5*u = 65, -6*c - 4*u = -c - 117. Let v = 92 - c. Suppose -v = -2*w + 59. What is the tens digit of w?
6
Suppose -124 = 3*i - 343. Let d = i + -69. Suppose d*b = -b + 25. What is the units digit of b?
5
Suppose -16*u + 4176 = -8*u. What is the units digit of u - -8*(-6)/(-12)?
6
Suppose 0 = 3*d + 1 + 2. Let l = 1596 + -1635. What is the units digit of (d - l/3)/2?
6
Let n(p) = 672 - 74 - 10 - 54*p + 134 + 680. What is the thousands digit of n(0)?
1
Let q be 2/6 - ((-32)/(-6) - 6). Suppose -q = y - 2*x, 5*x = 6*y - y - 10. Suppose -y*m = -2*l + 144, -m + 5*m + 75 = l. What is the units digit of l?
7
Let p(z) = -3*z**3 + 3*z**2 - z - 1. Let w be p(3). Let b = 409 + w. What is the units digit of b?
1
What is the units digit of (125490/18 - 1)*153/68?
4
Let n be (((-6)/15)/1 + -2)*-45. Let y = n - 113. Let h(w) = -4*w**3 - 15*w**2 - 3*w + 11. What is the hundreds digit of h(y)?
1
Let j = 103 + -168. Let k = 80 + j. What is the tens digit of 99/((-5)/((-100)/k))?
3
Let h be 24*(12/(-8) - -2). Let x(a) = a**3 - 14*a**2 + 2*a + 8. Let g be x(14). Suppose z = g - h. What is the units digit of z?
4
Suppose 2*k + 74 = 5*l, -4*l + 89 = l + 3*k. Let c = 6 + l. Suppose j - 23 - c = 0. What is the tens digit of j?
4
Let y be -11*(-1 + 0 + 2). Let p = y + 56. What is the units digit of p?
5
Suppose 0 = 3*x + 5*u - 53467, -5*x + 2*u + 25743 = -63441. What is the tens digit of x?
3
Let v(k) = 7*k. Let u be 15/6 - (-2)/4. Let y be v(u). Suppose -9*d = -12*d + y. What is the units digit of d?
7
Let a = 2429 - 2701. Let v = 936 - 539. Let g = v + a. What is the tens digit of g?
2
Suppose 5*r - 5*a - 261220 = 0, 571*a - 569*a = 3*r - 156738. What is the thousands digit of r?
2
Let b(g) = -g**3 - 18*g**2 - 21*g - 60. Let a be b(-17). Suppose a*x + 1370 = 4010. What is the tens digit of x?
3
Suppose p = -5*j + 25, -3*j + 37 = -9*p + 14*p. Let l = -3 - -3. Suppose l*h - 250 = -p*h. What is the units digit of h?
0
Let m(s) = 794*s + 14. Let r be m(1). Suppose 2*g = 3*q + 1483, -r = 3*g - 3*q - 3031. What is the tens digit of g?
4
Let v(s) be the first derivative of 44*s**3 + s**2 - s - 13. Let i be v(1). Let a = 235 - i. What is the tens digit of a?
0
Suppose -6*j = -407*j + 3313376 + 6644657. What is the ten thousands digit of j?
2
Let r be 3 + (1 - (1 - -2) - -401). Suppose -258 = -5*s + r. Let g = -93 + s. What is the units digit of g?
9
Suppose -2*c = -3*b - 7511, -12*c + 17*c - 2*b - 18794 = 0. What is the tens digit of c?
6
Let k(b) = 2*b - 24. Let u be k(14). Suppose -3*n = -16 + 7. Suppose 5*w = -u*y + 138, -n*y = -3*w - 33 + 105. What is the units digit of w?
6
Suppose 17*v = 22*c + 19*v - 1253734, 3*c + 3*v = 170961. What is the tens digit of c?
8
What is the thousands digit of ((-89553)/(-12) - 0) + 287/(-164)?
7
Let b(d) = -d**2 + 1 - d**3 + 11*d**2 + 2 + d. Let f be -25*((-6)/(-10))/(117/(-78)). What is the tens digit of b(f)?
1
Suppose 290*x + 58460 = 295*x - 10*w, 4*x - 46803 = 3*w. What is the tens digit of x?
0
Let i(b) be the third derivative of 149*b**5/30 + b**3/6 + 26*b**2. What is the tens digit of i(1)?
9
Let g(h) = 27*h. Let t be g(1). Suppose 3*i + 3*l = 8*i - 4, l = 5*i - 8. Suppose d - t = -i*d. What is the units digit of d?
9
Let l = 18923 - 5053. What is the thousands digit of l?
3
Let p(r) = 28*r + 2. Let t be p(1). Let n = 48 + -70. Let b = t + n. What is the units digit of b?
8
Suppose -5*l = -3*j - 8*l + 53103, -4*j = -21*l - 70854. What is the units digit of j?
3
Let p(i) = 27*i**2 + 7*i - 29. Let u be -18*(52/24)/(-13). What is the hundreds digit of p(u)?
2
Let l = -653 - -1879. Let c = l - -50. What is the tens digit of c?
7
Let q(g) = 20*g**2 + 16*g + 64. Let n be q(-5). Let t = n + -329. What is the units digit of t?
5
Let p(x) = 2169*x - 92. What is the thousands digit of p(3)?
6
Suppose 289231 + 17636 = 253*b - 242*b. What is the ten thousands digit of b?
2
Let n = -121 - -137. What is the tens digit of -11 + n - 2/1 - -469?
7
Suppose -1263144 = 181*z + 18*z - 9033696. What is the ten thousands digit of z?
3
Let p = 374 - 63. Suppose 3*h = -4*d + 2*h - p, -392 = 5*d - 2*h. What is the tens digit of d/(-1) + (-1 - -3)?
8
Let j = 465 - 163. Suppose 2*s = 34 + j. What is the units digit of s?
8
Let q be ((-4)/(16/9))/((-3)/(-40)). What is the tens digit of (q/20)/(12/(-11768))?
7
Suppose 8 = 4*g - 7*x + 3*x, -x = -4*g + 14. Suppose -3*v = -g*f + 1137, -54*f + 50*f + 1136 = -4*v. What is the tens digit of f?
8
Let f(w) = -64*w - 30. Suppose 21*b - 15*b + 90 = 0. What is the tens digit of f(b)?
3
Let j = -15346 - -501